et z(s) = 5*s + 23. Calculate z(-6).
-7
Let h(m) = m + 2. Calculate h(-9).
-7
Let f(j) = j**3 + 8*j**2 - 2*j + 3. Give f(-8).
19
Let b(s) = -s**2 + 17*s + 19. What is b(18)?
1
Let y(r) = 18*r - 177. What is y(10)?
3
Let v(k) = -5*k - 7. Determine v(5).
-32
Let p(f) = -2*f - 18. Determine p(-14).
10
Let f(s) = -s**2 + 12*s + 4. What is f(10)?
24
Let t(x) = -x**3 - x**2 + 6*x + 11. Give t(-2).
3
Let y(o) = 4*o - 103. What is y(27)?
5
Let b(n) = -7*n - 6. What is b(-7)?
43
Let w(y) = 2*y**3 + y**2 + 4*y - 3. Calculate w(2).
25
Let q(v) = 3*v + 13. What is q(-5)?
-2
Let m(p) = -p + 8. Give m(-9).
17
Let p(i) = i - 26. Calculate p(21).
-5
Let k(o) = 4*o**2 - 8*o + 4. Calculate k(3).
16
Let y(o) = 5*o**3 + 30*o**2 + 3. Determine y(-6).
3
Let n(z) = 4*z + 11. Determine n(-5).
-9
Let r(z) = -z**3 - 6*z**2 + z + 11. Give r(-6).
5
Let j(y) = y**3 + 9*y**2 - y - 7. Determine j(-9).
2
Let j(q) = q**3 + 17*q**2 - 39*q - 28. Determine j(-19).
-9
Let s(z) = z + 21. What is s(9)?
30
Let y(x) = x**3 - 11*x**2 + 2*x - 26. Determine y(11).
-4
Let g(t) = 56*t - 48. Determine g(1).
8
Let m(z) = -z**2 - 8*z - 11. Determine m(-5).
4
Let u(o) = -163*o + 5. Calculate u(-1).
168
Let a(c) = 7*c - 30. What is a(-5)?
-65
Let a(b) = -2*b**3 - 3*b**2 - 2*b - 3. What is a(3)?
-90
Let z(f) = -f**2 + 8*f + 2. Calculate z(10).
-18
Let h(a) = -21*a - 246. What is h(-12)?
6
Let r(l) = l**3 - 13*l**2 - 15*l + 22. Give r(14).
8
Let y(c) = -29*c**3 + 2*c**2 - c. Give y(1).
-28
Let c(n) = n**3 + 4*n**2 - 3*n. Determine c(-6).
-54
Let m(u) = -9*u - 3. Give m(0).
-3
Let l(v) = 36*v - 59. Give l(5).
121
Let q(t) = -t**3 + 58*t**2 - 110*t - 124. Give q(56).
-12
Let c(t) = -3*t - 5. Determine c(9).
-32
Let f(t) = 2*t**3 - 22*t**2 + 17*t - 11. What is f(10)?
-41
Let c(j) = 2*j**2 - 16*j - 11. Determine c(9).
7
Let l(o) = 3*o - 5. What is l(1)?
-2
Let u(w) = 5*w - 43. Calculate u(8).
-3
Let m(c) = 5*c**2 + 2*c - 2. Give m(1).
5
Let h(m) = -35*m - 566. What is h(-16)?
-6
Let x(c) = -3*c + 10. What is x(2)?
4
Let j(z) = -z**3 + 7*z**2 + 9*z - 14. Calculate j(8).
-6
Let i(o) = -39*o + 274. Calculate i(7).
1
Let f(j) = -2*j**2 - 48*j + 58. Determine f(-25).
8
Let z(a) = a**3 - 6*a**2 - a - 1. Determine z(6).
-7
Let g(a) = -a**2 + 151. What is g(-12)?
7
Let q(a) = -10*a**3 - a**2 + 2*a - 4. What is q(-2)?
68
Let r(v) = 5*v - 45. Give r(13).
20
Let g(y) = -2*y**2 - 19*y + 8. Determine g(-10).
-2
Let p(q) = 82*q**2 + 3*q - 1. Calculate p(1).
84
Let b(q) = -q**2 + 21*q - 105. Give b(7).
-7
Let j(d) = d**3 - 18*d**2 - 17*d - 16. Give j(19).
22
Let a(z) = 24*z**3 - 2*z**2 + 2*z - 1. What is a(1)?
23
Let b(n) = 5*n - 54. Determine b(10).
-4
Let c(b) = -5*b - 84. Determine c(-11).
-29
Let x(s) = s**3 + 22*s**2 - 6. Calculate x(-22).
-6
Let c(v) = -8*v + 45. What is c(10)?
-35
Let j(t) = -t + 17. What is j(14)?
3
Let k(g) = -17*g + 72. Determine k(4).
4
Let d(p) = 13*p**3 - 3*p**2 + 1. Give d(1).
11
Let v(p) = p**2 - 11*p + 2. What is v(9)?
-16
Let t(b) = -b**3 - 7*b**2 + 6*b - 15. Give t(-8).
1
Let c(a) = -5*a + 9. Determine c(4).
-11
Let s(j) = -2*j + 85. Give s(45).
-5
Let z(j) = -j**3 + 25*j**2 + 2*j - 54. What is z(25)?
-4
Let q(b) = -b**3 + 2*b**2 - 5*b - 3. What is q(4)?
-55
Let m(d) = 15*d**2 + 4*d + 2. Calculate m(-2).
54
Let o(h) = -h**2 + 8*h + 12. Give o(16).
-116
Let b(p) = p**2 + 12*p + 6. Calculate b(-11).
-5
Let j(a) = -a**3 - 7*a**2 - 6*a - 3. Give j(-6).
-3
Let j(f) = -4*f + 43. Determine j(11).
-1
Let d(h) = -2*h**2 - 8*h. What is d(-4)?
0
Let z(b) = b**3 + 9*b**2 - 6*b - 131. Determine z(-6).
13
Let y(a) = a**2 - 2*a - 10. What is y(0)?
-10
Let t(w) = w**2 + 12*w + 27. Determine t(-8).
-5
Let z(h) = -h**2 - 11*h - 25. Determine z(-8).
-1
Let j(c) = 5*c + 59. Give j(-7).
24
Let t(g) = g**2 - g - 1. What is t(2)?
1
Let i(q) = -17*q + 106. What is i(6)?
4
Let w(g) = -g + 10. Give w(11).
-1
Let a(q) = -10*q - 41. Determine a(-8).
39
Let k(p) = p - 17. Determine k(9).
-8
Let x(d) = 3*d**2 - 8*d - 12. What is x(-3)?
39
Let s(m) = 2*m**2 - 2*m - 7. Determine s(7).
77
Let h(l) = -13*l + 120. What is h(0)?
120
Let u(d) = 4*d**2 + 33*d + 1. Determine u(-10).
71
Let d(i) = -i**2 + 12*i - 6. Calculate d(12).
-6
Let d(r) = -r**3 + 6*r**2 - 2*r + 7. Calculate d(5).
22
Let c(y) = y**3 + 3*y**2 - 11*y - 10. What is c(-5)?
-5
Let k(x) = -x**2 + 60*x - 167. What is k(57)?
4
Let v(f) = f**2 + 2*f - 2. What is v(-6)?
22
Let f(d) = -d**3 + 18*d**2 - 58*d + 3. Give f(6).
87
Let h(d) = 2*d**3 + 29*d**2 - 14*d + 13. Calculate h(-15).
-2
Let i(s) = -s**3 + 8*s**2 - 3*s - 6. Determine i(6).
48
Let r(t) = 4*t**2 - 17*t + 60. Calculate r(3).
45
Let l(b) = -b - 39. Calculate l(-12).
-27
Let y(r) = r**3 + 6*r**2 - 7*r + 2. Determine y(-5).
62
Let i(j) = -j**3 - 10*j**2 - 23*j - 7. Calculate i(-5).
-17
Let f(j) = j**3 + 5*j**2 + 4*j - 1. Calculate f(-5).
-21
Let o(d) = 8*d - 1. Determine o(2).
15
Let y(p) = -p**2 + 5*p - 13. Determine y(3).
-7
Let c(z) = z**3 + 5*z**2 - z. Calculate c(-5).
5
Let l(i) = -4*i**2 + 39*i - 16. Give l(9).
11
Let r(x) = x**3 + 4*x**2 + x + 3. Determine r(0).
3
Let j(d) = -2*d**2 + d - 21. What is j(0)?
-21
Let g(f) = -44*f**2 + 2*f - 1. Determine g(1).
-43
Let h(k) = -k**2 - 14*k - 15. Determine h(-13).
-2
Let l(k) = k**3 - 7*k**2 - 2*k + 4. Give l(6).
-44
Let u(t) = t**3 + 86*t**2 + 169*t + 75. Give u(-84).
-9
Let x(u) = -u**2 - 2*u + 1. Give x(-6).
-23
Let p(j) = -2*j**3 + 13*j**2 + 4*j + 17. Calculate p(7).
-4
Let x(j) = 5*j - 12. Give x(7).
23
Let j(u) = u - 2. Determine j(-5).
-7
Let y(h) = -h - 9. Give y(-15).
6
Let t(f) = f**3 + 15*f**2 + 4*f + 7. Give t(-15).
-53
Let r(h) = h**2 - 24*h - 42. Calculate r(25).
-17
Let z(q) = -14*q + 47. Give z(4).
-9
Let f(a) = 2*a**2 - 8*a - 32. Determine f(8).
32
Let l(a) = -a**3 + 4*a**2 + 2*a - 11. What is l(3)?
4
Let s(y) = y**3 - 3*y**2 - 4*y + 2. Determine s(5).
32
Let k(g) = -5*g - 98. Determine k(-19).
-3
Let y(z) = -z**3 + 12*z**2 + z - 14. Determine y(12).
-2
Let f(c) = c**3 + 5*c**2 - c + 79. Give f(-7).
-12
Let u(j) = -j. Determine u(0).
0
Let r(l) = l**3 + 5*l**2 + 2*l + 3. What is r(-2)?
11
Let c(j) = -7*j**2 + 50*j - 7. Calculate c(7).
0
Let c(z) = -z**3 - 11*z**2 - 9*z + 10. Calculate c(-10).
0
Let s(b) = -2*b - 8. What is s(-3)?
-2
Let o(c) = c + 5. Determine o(7).
12
Let s(l) = l. Calculate s(-6).
-6
Let i(s) = s**2 + 2*s - 14. What is i(5)?
21
Let h(d) = -2*d**3 - 63*d**2 - 89*d + 33. What is h(-30)?
3
Let o(k) = -k**3 + 8*k**2 + 11*k - 24. Give o(9).
-6
Let z(y) = 21*y**2 - 1. Calculate z(-1).
20
Let y(c) = c**3 - 21*c**2 + 14*c + 6. Give y(20).
-114
Let k(p) = 4*p - 7. Give k(5).
13
Let i(a) = -a**2 - 5*a - 1. Give i(-4).
3
Let u(s) = -s**2 - 10*s + 30. What is u(-13)?
-9
Let b(q) = q**3 + 12*q**2 + 10*q + 4. Calculate b(-11).
15
Let b(g) = g**3 - 7*g**2 - 4*g + 12. Calculate b(7).
-16
Let m(u) = -u**2 - 11*u + 10. Determine m(-12).
-2
Let w(t) = 3*t**2 - 103*t - 76. Calculate w(35).
-6
Let y(s) = 2*s**2 - 6*s - 55. What is y(-7)?
85
Let v(p) = 8*p - 115. Calculate v(19).
37
Let y(l) = -2*l**3 + 3*l - 10. Give y(0).
-10
Let c(x) = -3*x - 15. Give c(6).
-33
Let v(u) = -u**3 - 5*u**2 - 18*u - 45. What is v(-3)?
-9
Let b(g) = 3*g**2 + 6*g + 3. Give b(-2).
3
Let s(l) = 2*l**2 - l - 3. Determine s(3).
12
Let t(q) = q**3 - 2*q**2 - 14*q + 8. What is t(4)?
-16
Let b(o) = 76*o**3 - o**2 - 3*o - 2. Determine b(-1).
-76
Let x(h) = h**3 - 12*h**2 + 12*h + 8. Determine x(11).
19
Let c(k) = -32*k**3 + k**2 + 2*k + 2. Give c(-1).
33
Let q(p) = -p**3 + 10*p**2 + 21*p + 8. Calculate q(12).
-28
Let c(q) = -46*q + 544. Determine c(12).
-8
Let p(z) = -8*z + 5. Calculate p(-3).
29
Let d(q) = -40*q + 88. Give d(2).
8
Let m(n) = n**3 - 15*n**2 - 1. Give m(15).
-1
Let q(t) = t**2 - 11*t - 12. Give q(11).
-12
Let m(d) = -d**3 + 2*d + 4. Determine m(-2).
8
Let c(j) = -j - 1. Calculate c(4).
-5
Let o(x) = -6*x + 29. Determine o(-9).
83
Let m(b) = -b**2 - 16*b + 44. Give m(-18).
8
Let b(f) = 16*f + 352. Determine b(-23).
-16
Let i(n) = n**3 + 3*n**2 + n + 9. Calculate i(-3).
6
Let g(y) = y**3 + 6*y**2 + 5*y + 7. Determine g(-5).
7
Let t(w) = -2*w + 19. Give t(17).
-15
Let r(k) = -3*k**2 + k + 2. Determine r(-1).
-2
Let q(j) = -20*j + 274. Calculate q(14).
-6
Let g(t) = -15*t**2 + 4*t + 5. Calculate g(-2).
-63
Let o(k) = k**3 - 4*k**2 - 9*k + 17. W